t w(c) = 423 - 845 + n + 22*c**3 - c**2. Determine w(-1).
-22
Let n(y) = 192 - y**3 - 9*y - 60 - 63 - 67 - 8*y**2. Suppose 3*b + 6*d = 3*d - 24, -5*b - 33 = -2*d. Calculate n(b).
16
Let x(a) = -a**2 - 756*a + 4562. Let n be x(6). Let i(k) = -12*k - 67. Calculate i(n).
53
Let q(w) = -21*w**2 - 1. Let k be q(1). Let b = k - -24. Let f(x) = 6*x**2 - 3*x - 2. Let l(m) = -m**2 + 2*m. Let c(r) = -f(r) - l(r). Determine c(b).
-16
Let k(y) = -y**3 - 16*y**2 - 14*y + 18. Let b be k(-15). Let f = b - 3. Let p(d) = 3 - 2*d**3 + f*d + 3*d**3 + 0*d**3 + 3*d**2 + 2*d. Calculate p(-3).
-3
Suppose -l + 30 = 5*o, 9*l - 17 = -o + 11*l. Let v(h) = 2 + o*h - 4*h - h**3 - 3 - 3*h**2. Determine v(-4).
3
Let z be 2/(-2)*(-8 - 90). Let r = 98 - z. Suppose r*x + 2*p = x - 5, 2*x = -4*p + 26. Let s(k) = -k**2 + 9*k. Give s(x).
0
Let i = -23723 + 23719. Let t(s) = -7*s - 8. Calculate t(i).
20
Let c = 22208 - 22229. Let s(w) = w**3 + 20*w**2 - 22*w + 10. Determine s(c).
31
Let q(u) be the second derivative of 2*u + 42 + 1/2*u**3 + u**2 + 1/12*u**4. Determine q(-4).
6
Let n(t) = t**3 - 9*t**2 - t + 10. Let u be (-288)/(-27) - (-4)/(-6). Suppose -4*l + 6 - u = -5*y, 4*l - 20 = -y. Let k be (-296)/(-32) + (-1)/y. Give n(k).
1
Suppose -4*v = 4*o - 20, -2*o - o = -6. Let w be (-51)/((-3)/4*4). Suppose 5*d - 37 = h, -v*d - h = h - w. Let n(k) = k**2 - 4*k - 9. Give n(d).
12
Let q = 165 - 85. Let x = 0 + 6. Let v be q/44 + x/33. Let u(a) = -a + 1. Determine u(v).
-1
Suppose 14 = -4*s - 18. Let b be 8/(-16)*s/2. Let f(l) = -l**3 - l**2 + 2*l. What is f(b)?
-8
Let u = -124 - -132. Suppose 3*x = 5*h - 5, -3*h = 3*x + 13 + u. Let s(w) = w - 5*w**2 + 6 + w - 9*w**3 + 8*w**3 - w. Give s(x).
1
Let u(v) = -19*v**2 - v. Let q be -6*(0 + 4/(-12)) - 0. Suppose -4*z - 18 = q*n, 7*z - 3*z = -4*n - 20. Give u(n).
-18
Let d(k) = k - 3. Suppose 4*w = -4*m + 36, 3*w - m - 43 = 4*m. Suppose 0 = -2*o + 5*b + 14, w*o + b = 7*o + 6. What is d(o)?
-1
Let z(d) = -5*d - 4. Let w(l) = -l**2 - 18*l + 4. Let k be w(-18). Let v(h) = -12*h - 7. Let q(n) = k*v(n) - 10*z(n). What is q(-6)?
0
Let q(w) be the first derivative of 3*w**4/4 - 21*w**3 - w**2 + 52*w - 5878. Calculate q(21).
10
Suppose 3*x - 3*s = 222, 2*x + 0*s + 2*s - 140 = 0. Let r(c) = -7*c**2 - x*c + 73*c - 3*c**2. Let u = 0 + 1. Give r(u).
-9
Let f(q) = -10*q**2 - 64*q - 6. Let d be -1 + 9 + (-10 - 4). What is f(d)?
18
Let p(q) = -5*q**2. Let l(s) = -39*s**2 + 24*s + 77. Let x(j) = -l(j) + 8*p(j). Give x(-22).
-33
Suppose 4*y + 2*k = -1 + 9, 0 = 2*y + 2*k - 4. Let i(b) = 5 - 4*b + 15*b - 8*b - y*b. Let h(m) = -2*m + 3. Let w be h(5). What is i(w)?
-2
Let d(k) = -k**3 - 6*k**2 + 4*k - 15. Suppose 4*v - 3*t + 640 = 0, -t = -24*v + 28*v + 624. Let s = -164 - v. Determine d(s).
6
Let v(h) = -h**2 - 3*h + 6. Let z(j) = j**2 + 3*j - 6. Let t(d) = -4*v(d) - 5*z(d). Let x(q) = -117*q - 8897. Let s be x(-76). Give t(s).
-4
Let y(h) = h**3 - 9*h**2 + 13*h + 14. Let o(u) = u**2 - 285*u + 7. Let l be o(0). Determine y(l).
7
Let w(j) be the third derivative of 7*j**5/60 + 145*j**3/6 - 78*j**2. Let l(z) be the first derivative of w(z). Calculate l(-1).
-14
Let r(f) = 13*f - 923. Let v be r(71). Let x(p) be the third derivative of 0 + v*p + 10*p**2 + 1/12*p**4 + 1/2*p**3. What is x(-4)?
-5
Let u(z) be the second derivative of 4*z**3/3 + 9*z**2 - 753*z. Calculate u(-13).
-86
Suppose -2160 = -2*u - 18*u. Let d(s) = 12*s + 53 - u + 55. Give d(1).
12
Let b be 4/18 - (-102)/27. Let w = 153 + -150. Let i(o) = 7*o**2 + o**3 - 16*o**2 + 4 - w + 4*o**2 + 4*o. What is i(b)?
1
Let q(c) = -6*c - 4. Let b(h) = -1. Let x(z) = 4*b(z) - q(z). Suppose j + 13 = 16. Let n be 20/9 - j - 6/27. Determine x(n).
-6
Let w = -10912 + 10927. Let a(o) = o**3 - 15*o**2 - o + 22. Give a(w).
7
Let p(g) = 7*g**2 + 21*g - 8. Let f be p(-3). Let d(x) = x**3 + 9*x**2 + 3*x + 10. Determine d(f).
50
Let q(k) = k**3 + 5*k**2 + 5*k + 21. Let z be (-14)/2 + (-14 + 341/22)*2. What is q(z)?
17
Let y be (-5)/(315/14)*9*4/(-16). Let g(h) be the first derivative of -y*h**2 - h - 30 + 1/3*h**3. What is g(-3)?
11
Let r(b) = -7*b - 10. Suppose 16 - 41 = 5*f. Let p(d) = 6*d + 9. Let x(j) = f*p(j) - 4*r(j). What is x(6)?
-17
Let n(a) be the third derivative of -a**6/60 - 3*a**5/10 + a**4/6 + 43*a**3/6 + 2*a**2 + 119*a - 2. Determine n(-9).
7
Let d(r) = 2*r**3 + 125*r**2 + 28*r - 2104. Let l be d(-62). Let w(z) = -29*z + 3. Determine w(l).
-113
Let n(t) be the second derivative of -31*t**3/6 - 4*t**2 - 493*t. Determine n(1).
-39
Let s(k) = -k**3 - 8*k**2 - 5*k - 7. Let z(n) = 3*n**3 + 39*n**2 + 3*n + 31. Let h be z(-13). Determine s(h).
33
Let j be 5 - (-3 + -6 + 2). Suppose -2*u = -p, -17*u + 21*u + 4*p = -j. Let y(w) = -17*w. Give y(u).
17
Let h(d) = 3016*d - 3008*d - 1 + 0. Suppose g + 3 = 12. Suppose 2*k - 9 = 3*w, 3*w - 5*k + 27 - g = 0. Determine h(w).
-9
Let l(q) = -28*q**3 - 27*q + 29. Let o(c) = 26*c**3 + 25*c - 27. Let g(x) = -12*l(x) - 13*o(x). Determine g(-4).
135
Let b(u) = 418 - 152 - 141 - 150 - 2*u + 6*u. Give b(4).
-9
Suppose 3*d + 2*o - 5 - 3 = 0, 5*o - 20 = -5*d. Suppose 7 = 3*u - 4*c - 8, 2*c = -5*u + 25. Let k(y) = y - u + d*y - 3*y - y**2 - 7*y. Determine k(-8).
3
Let s(z) = 2*z - 3. Let v(q) = 2*q - 3. Let p(w) = -w**2 - 17*w + 44. Let u be -14 + (-6 - -4 - 3). Let x be p(u). Let g(d) = x*s(d) - 7*v(d). What is g(6)?
-9
Let o(i) = -15*i**2 + 2*i + 2. Let j be 4 + (-4 + (-5 - 68/(-8)))*4. Give o(j).
-54
Suppose -6 - 6 = -3*o. Let h(f) = 2*f + 2. Let b(t) = -25 - 23 - 5*t + 2*t + 2*t + 49. Let i(n) = b(n) + h(n). Calculate i(o).
7
Let o be 6/8 - (-1665)/36. Let b = -43 + o. Let t(y) = -y**3 + 3*y**2 + 2*y + 5. Calculate t(b).
-3
Let u(d) = -9*d**2 + 10*d - 3. Let r(g) = 6 - 15*g + 4*g**2 + 9*g**2 - 3 + 2. Let o(z) = -5*r(z) - 7*u(z). Give o(3).
-7
Suppose 4*r + 5*a = -278, -2*a + 6*a = -8. Let k = -65 - r. Let x(n) = -4*n - 254*n**2 + k*n - 6*n + 253*n**2. Calculate x(-8).
0
Let y(g) be the third derivative of g**5/60 - 11*g**3/6 - 8110*g**2. What is y(3)?
-2
Let v(j) = -15*j**2 + 10*j + 19. Let s(a) = 76*a**2 - 53*a - 100. Let z(w) = 4*s(w) + 21*v(w). Suppose 5*n - 3 = -4*l, n - l = 2*l - 7. Calculate z(n).
-10
Let v(p) = p - 3. Suppose 5*y = -4*j + 19, 0 = 2*y + 19*j - 23*j - 2. Calculate v(y).
0
Let d(j) = -j**2 + 10*j + 7. Suppose -4*x + 4 = 4*m, m + 33*x - 3 = 34*x. Suppose m*u - 20 = -t + 4*u, 3*t - 45 = 3*u. What is d(t)?
7
Let m(v) = -v**3 - 10*v**2 - v - 1. Let p be m(-4). Suppose 3*w - 274 = -3*d - 2*w, d = 5*w + 78. Let x = d + p. Let q(a) = -2*a - 4. Determine q(x).
6
Let p = -614 - -619. Let c(w) = -p*w - 4*w - 5*w - 5 + 4 + 17*w. Suppose -3*g + 5 = 4*t, -3*t + 8 = g - 3*g. What is c(g)?
-4
Let o be -7 + 5 + -1 + (3 - 4 - -2). Let f(b) = 14*b + 7. Give f(o).
-21
Let k(g) = -2*g + 78. Let z = -1626 - -1667. Calculate k(z).
-4
Let w(v) = -2*v**2 + 7*v + 10. Let j be (-9 - 1)/(-2 + 14 - 14). Determine w(j).
-5
Let c = -79 - -81. Let j(o) = -1 + 40*o - 39*o - c. Let h(n) = -n + 3. Let u(v) = -5*h(v) - 6*j(v). Calculate u(8).
-5
Let y(h) = -h**3 + 6*h**2 + 3*h + 4. Let s(i) = -i**3 + 5*i**2 + 2*i + 4. Let q(x) = 3*s(x) - 2*y(x). Let m = -71 + 101. Let p = -27 + m. Give q(p).
4
Let a(b) = b**2 + b + 2. Let i be (-1 - 0)*6/12*-4. Determine a(i).
8
Let v(f) = 16*f**3 + 2*f**2 - 1. Let r = -108 - -117. Let t be ((-6)/r)/(-1)*6/(-4). Calculate v(t).
-15
Let a(k) = 5*k**2 + 12*k + 5. Let f(u) = 4*u**2 + 14*u + 6. Let s(h) = 7*a(h) - 6*f(h). Suppose -4 + 3 = t. Give s(t).
10
Let r = -2841 - -2851. Let c(y) = -y**3 + 8*y**2 + 22*y - 14. What is c(r)?
6
Let t(w) = -w**3 - 7*w**2 - 7*w. Let h(z) = -5 + 9 - 2*z**3 - 8 - 35*z**2 - 2 - z**2. Let k be h(-18). Determine t(k).
6
Let i(o) = 32*o**2 - 24*o + 24. Let n(u) = 11*u**2 - 9*u + 9. Let l(q) = 3*i(q) - 8*n(q). Determine l(1).
8
Let u(j) = 2*j**3 - 2*j**2 - 2*j - 1. Let h = -49 - -76. Let q(v) = 2*v - 1 - h + 11. Let s be q(8). What is u(s)?
-3
Let h(u) = -5*u**2 - 62*u + 1. Let f(d) = 29*d**2 + 360*d - 7. Let m(g) = 6*f(g) + 35*h(g). Give m(-5).
18
Let b = 188 - -366. Let t = b + -547. Let n(y) = y**3 - 7*y**2 - 4*y - 5. Determine n(t).
-33
Let g be ((-6)/(-8))/(7/28). Let q(u) = -u**3 + 115 + 2*u**g - 2*u - 66 - 67 + 14*u**2. Determine q(-14).
10
Let v(x) = 7*x**2 - 46*x + 93. Let g(n) = 20*n**2 - 134*n + 279. Let y(q) = -6*g(q) + 1